c = -3*c + 6. Suppose -c = -x, 4*x + 56 = -4*d - 0*d. Let t = 32 + d. Calculate the remainder when 29 is divided by t.
14
Let w = 15 + 37. What is the remainder when w is divided by 27?
25
What is the remainder when 61 is divided by (3 - 0)*(-5 + 12)?
19
Let g(s) = -s**2 - 8*s - 1. Suppose -3*p - 3*h - 28 = p, 2*p - 5*h + 14 = 0. Calculate the remainder when 9 is divided by g(p).
3
Let f(w) = w + 20. What is the remainder when 97 is divided by f(-11)?
7
Suppose 86 = -2*u + 4*u. What is the remainder when u is divided by 9?
7
Let c = -48 + 113. Calculate the remainder when c is divided by 23.
19
Let f(l) = 2*l**2 - 3*l. Calculate the remainder when f(5) is divided by 9.
8
Calculate the remainder when (-14)/(-7) + (25 - 3) is divided by 19.
5
Suppose -4*s + 4*x = 0, 0 = -2*s - 2*s + 3*x + 3. Let h = 12 - 7. Suppose 0 = f - h + 1. What is the remainder when f is divided by s?
1
Let w(o) = 9*o**3 - 3*o**2 + 3*o - 1. What is the remainder when 15 is divided by w(1)?
7
Let z(h) = -h - 13. Let x be z(-15). What is the remainder when 9 is divided by x/7 + (-38)/(-14)?
0
Let z = -10 + 5. What is the remainder when z/(-20) + (-422)/(-8) is divided by 18?
17
Suppose 4*l - 680 = -l. Calculate the remainder when 3/(-2*(-6)/l) is divided by ((-24)/14)/((-3)/21).
10
Let z be (-10)/(-3) + (-4)/(-6). Suppose -5*a = -o - 0*a + 41, -3*a = -z*o + 79. What is the remainder when o is divided by (6/(-5))/(3*(-8)/180)?
7
Let u(p) = -p - 5. Let r be u(-5). Suppose 3*i - 2*i - 15 = r. What is the remainder when 29 is divided by i?
14
Suppose -y - 24 = -2*y. Suppose -4*n + y = 2*s + 8, 0 = -2*s - n + 10. What is the remainder when s is divided by 3?
1
Let q = 173 + -132. Calculate the remainder when 284 is divided by q.
38
Let z(d) = 42*d**2 - 2*d + 1. Let c be ((-2)/2)/((-2)/70). Let v = c - 21. Calculate the remainder when z(1) is divided by v.
13
Let m be 2/(-6) - (-100)/(-6). Let k = m + 25. What is the remainder when k is divided by 5?
3
Suppose -2*d = d. Let k(c) = -c**2 - 13*c + 7. What is the remainder when 0 - -29 - (d + 2) is divided by k(-13)?
6
Let v be ((-117)/3)/(3/2). Let q = v - -76. Calculate the remainder when q is divided by 17.
16
Suppose 3*q - 2*a - 33 = 0, -3*q + 2*a - 4*a + 45 = 0. Let d = 19 - q. Suppose 12 = -13*o + 38. What is the remainder when d is divided by o?
0
Let v(a) = -13*a - 1. Let j = -13 - -13. Suppose 0 = -5*y + 4*n - j*n + 94, -102 = -5*y + 2*n. What is the remainder when v(-5) is divided by y?
20
Let w = 32 + -3. Suppose 0 = 4*z + 9 - w. What is the remainder when z is divided by 2?
1
Let y = -30 + 35. Calculate the remainder when y is divided by 3.
2
What is the remainder when 13 is divided by ((-16)/(-10))/((-7)/(-35))?
5
Let u(o) = 12*o**2 + 3*o + 5. Let b = 223 + -156. Suppose 5*a - 13 = b. Calculate the remainder when u(-2) is divided by a.
15
Suppose 4*n + 17 = u, u - 5*u - n = -17. What is the remainder when 14 is divided by u?
4
Calculate the remainder when 16 is divided by (-14)/(2/(-1)) + -1.
4
Let q(a) = 6*a**3 + a**2 - 3*a + 3. Suppose -9*k + 8 = -5*k. What is the remainder when q(k) is divided by 13?
10
Suppose 2*s - 5*s + 6 = 0. What is the remainder when s is divided by 1?
0
Suppose 3*x - 15*x = -72. What is the remainder when 23 - 0*(-2)/4 is divided by x?
5
Suppose 9 = -0*h - 5*h + p, 20 = -4*h + 4*p. Suppose d + d = 0. What is the remainder when 15 is divided by h*(-1 + -5 - d)?
3
Let o = -2 + 5. Suppose 3*b = -2*b - 2*u + 60, 5*u - 55 = -o*b. Calculate the remainder when 17 is divided by b.
7
Let m = 24 + 10. Suppose s = 3*s - m. Suppose -5*g - j = -169, 3*j - 6 = 6. Calculate the remainder when g is divided by s.
16
Calculate the remainder when 9/(-2)*(-12)/6 is divided by 2.
1
Let j(n) = n**2 - n. Let u be (9 + -6)*(-2)/(-6). Suppose 3 = o + u, -42 = -s - 4*o. Calculate the remainder when s is divided by j(4).
10
Suppose -6*m + 112 = -2*m + 4*c, -5*c - 58 = -m. What is the remainder when 96 is divided by m?
30
Suppose 36 + 55 = z. Suppose -7*x + 8*x - z = 0. What is the remainder when x is divided by 23?
22
Suppose -5*s + 91 = 3*v, -4*s = 5*v - 0*v - 78. What is the remainder when 31 is divided by s?
14
Let q be 2/8 + 38/8. Suppose -2 = -q*a + 8. Suppose a*v + 75 = 7*v. What is the remainder when 29 is divided by v?
14
Let d = -9 - -5. What is the remainder when 22 is divided by d + 6 + 10/1?
10
Suppose s + 27 = -g - 3*s, 4*g + 108 = 4*s. Let n = -17 - g. Calculate the remainder when n is divided by ((-4)/(-3))/(1/3).
2
Let m(v) = v - 3. Let k be m(5). Suppose -2*h + 2 = -k. Suppose -4*w + f + 27 = 0, 7 + h = -3*f. Calculate the remainder when 17 is divided by w.
5
Let w(u) = -u**3 - 21*u**2 + 25*u + 98. What is the remainder when w(-22) is divided by 25?
7
Let k(p) = -p**3 + 2*p - 6. Calculate the remainder when k(-3) is divided by 8.
7
Let u(v) = -4*v + 7. Calculate the remainder when u(-14) is divided by 22.
19
Suppose -3*x - u = -278, -x + 2*u + 40 = -48. What is the remainder when x is divided by 47?
45
Let t = 16 - 5. Calculate the remainder when t is divided by 4.
3
Let z = 13 - -54. Let o = z - 38. Let a = -16 + o. Calculate the remainder when 38 is divided by a.
12
Let h(q) = q**2 - 5*q + 2. What is the remainder when 29 is divided by h(7)?
13
Let d(f) = 28*f - 2. Calculate the remainder when d(3) is divided by 21.
19
Suppose -2*r + r = -3. Calculate the remainder when 3 is divided by r.
0
Suppose -18*m + 115 + 29 = 0. Suppose -15 = l - 46. Calculate the remainder when l is divided by m.
7
Suppose -5*t + 12 = 2*y - 33, 4*y - 2*t = 78. What is the remainder when 37 is divided by y?
17
Suppose -4*j - 13 = -117. What is the remainder when j is divided by 9?
8
Let m(b) = -b - 4. Let k be m(-10). Let o be (-2)/k - 86/(-6). Suppose q - o = 20. What is the remainder when q is divided by 12?
10
Let k = 3 - -2. Suppose y + 3 = -r, r = -r - y - k. Calculate the remainder when 1*-2*1/r is divided by 1.
0
Let i = 23 + 4. What is the remainder when -39*8*1/(-6) is divided by i?
25
Let k = 103 + -52. Let z = -118 + 131. What is the remainder when k is divided by z?
12
Let b = -3 - -8. Let v be (b - -1)*(-2)/(-4). Let z(d) = d**2 + d - 3. What is the remainder when 25 is divided by z(v)?
7
Let l(u) = -18*u + 2. Let q = 18 - 5. Calculate the remainder when l(-2) is divided by q.
12
Suppose 2 = 2*b - 0, 5*q - b = -16. What is the remainder when (-2)/(-4)*(-228)/q is divided by 13?
12
Let t be -1 - 3/(-1) - -63. Suppose -3*b + t = -1. What is the remainder when b is divided by 8?
6
Let f(p) = -p**3 - 3*p**2 - 5*p - 2. Let x(t) = t**2 - 4*t + 3. Let o be x(3). Suppose 4*j + 22 - 6 = o. What is the remainder when f(j) is divided by 9?
7
What is the remainder when (3 + (-20)/16 - 1)*84 is divided by 11?
8
Suppose 0*y = -10*y + 310. What is the remainder when y is divided by (34/3)/(2/3)?
14
What is the remainder when 16 is divided by (-10)/4*-2*2?
6
Let u be (0 + -6)*(-2)/4. Suppose q = 42 - u. Calculate the remainder when q is divided by 14.
11
Let f be (48/14)/4*-7. Let i be 6*(-4)/f + -2. Suppose i*s - 45 - 73 = 0. Calculate the remainder when s is divided by 20.
19
Suppose -16*a + 21*a = 45. Suppose -13 - a = -2*z. Calculate the remainder when 31 is divided by z.
9
Let w(r) be the second derivative of 4*r**3/3 - 5*r**2/2 - r. Calculate the remainder when w(4) is divided by 7.
6
Let a = 3 - -8. Calculate the remainder when 63 is divided by a.
8
Let r(g) = -2 + 31*g**2 - 32*g**2 - 7*g + 8. What is the remainder when r(-7) is divided by 4?
2
Let u be 2/11 - 207/(-11). Suppose p + n - 2*n = u, 3*p - 57 = 2*n. Calculate the remainder when 56 is divided by p.
18
Suppose 0 = 2*m - 225 + 43. Suppose -p - 4*w + 18 + 17 = 0, -5*p + w = -m. What is the remainder when 56 is divided by p?
18
Let x be (-2 - 20/(-12))*0. Suppose 3*a + 12 = 0, x = -4*b - 4*a + 23 + 97. Suppose 3*c - 44 = -8. What is the remainder when b is divided by c?
10
Let d(m) = 2*m - 3*m - 11 - m. Let z = -21 + 12. Calculate the remainder when d(z) is divided by 3.
1
Let h = 44 + -8. Let v be 2*((-190)/(-4) - 0). Suppose 4*p - v = -p. Calculate the remainder when h is divided by p.
17
Let z = 36 + -19. What is the remainder when z is divided by (1 - 7/(-3))/(2/6)?
7
Let r be (9/3 - 26)*-1. Suppose -2*y - 6 = 4, 3*h - r = y. Let i(f) = f**3 - 4*f**2 - 3*f 